**2 - 10*c - 19. What are the prime factors of y(-15)?
131
Let z = -14 + 41. What are the prime factors of z?
3
Let h be (-4)/(-6) + 62/6. Let f = h - -1. List the prime factors of f.
2, 3
Let m(a) = a**2 - 2*a + 1. Let j be m(2). Let h = j + 1. What are the prime factors of h?
2
Let u(q) = 11*q**3 - 2*q - 1. Let z be u(-1). Let t be 4/z + (-648)/(-20). Suppose t = -0*l + 4*l. List the prime factors of l.
2
Let z = 8 - 29. Let d = -10 - z. What are the prime factors of d?
11
Let g = 10 + -16. Let m = g - -15. List the prime factors of m.
3
Suppose 2*u - 216 = -5*m + 31, 4*m + 480 = 4*u. List the prime factors of u.
11
Let d be ((-6)/(-4))/((-3)/32). What are the prime factors of (-60)/d + 1/4?
2
Let b be (3 - 2 - 1) + -6. Let y = -2 + 2. List the prime factors of 2/b*y - -12.
2, 3
Let a(f) = -f**3 + 7*f**2 - 5. Let j be a(5). Suppose -5 = 4*r - j. List the prime factors of r.
2, 5
Suppose -5*b + 32 - 12 = 0. Let o be (b/(-8))/((-2)/8). Suppose 2*m = 5*z + 6, 0 = o*m - 0*z + 5*z - 26. What are the prime factors of m?
2
Let s be 1/3 - (-295)/15. Let l be s + -2 + (-1 - -1). Let r = 36 - l. What are the prime factors of r?
2, 3
Suppose 0 = -v + 3*z + 6, -5*v + 4*z - 14 = -0*z. Let g(p) = 2*p + 1. Let x be g(5). Let d = x + v. What are the prime factors of d?
5
Suppose -2*r + 10 = -5*k + 2, 0 = -5*k + 3*r - 7. Let m be k/7 - (-44)/7. What are the prime factors of (-28)/(-6) - (-2)/m?
5
Let x = -1 - -7. Let v be 172/x*12/8. Let h = v + -31. List the prime factors of h.
2, 3
Let p(t) = 0 - 10*t - t**3 + 0 + 9*t**2 + 5 + 3. Let i be p(8). Let n = 3 - i. What are the prime factors of n?
11
Suppose -3*r - 6 = -36. Suppose r = c - 5*t, t - 2 = -4. Suppose -4*f - 2*m + 34 = c, -f + 3*m = -m - 22. List the prime factors of f.
2, 5
Let y(t) = t**2 - t. Let h be y(2). Suppose -6*k = 3*k - 81. Suppose -c + 5 = -h*n + 12, 0 = -4*n - 3*c + k. List the prime factors of n.
3
Let c = 4 - 0. Suppose 2*f = 0, -5*t + c*f + 13 = -7. What are the prime factors of t?
2
Let o(t) = t**3 + 5*t**2 + 4*t - 1. What are the prime factors of o(-3)?
5
Let u = 288 - 150. What are the prime factors of u?
2, 3, 23
Let q = 655 + -391. List the prime factors of q.
2, 3, 11
Suppose -4*g = -0*g - 4. Let k be 1/g*(-6 + 15). Suppose 0 = -4*l - w + 17, -4*l + k = -3*w - 4. What are the prime factors of l?
2
Let s(x) = x + 8. Let c be s(-4). Suppose -c*a = a. Suppose a*z = -z + 2. List the prime factors of z.
2
Let c = 2 - -48. Suppose -4*k = -c - 38. What are the prime factors of k?
2, 11
Suppose -3*f - 5*y + 7 = 0, 6*f - f + 2*y + 1 = 0. Let b = 10 + f. What are the prime factors of b?
3
Let w(d) = d - 4. Let v be w(4). Suppose v = -2*u - u + 12. What are the prime factors of 43/u + (-5)/(-20)?
11
Suppose -2*a = -0*a + 20. Let f = -5 - a. Suppose 0 = 2*i - w - 22, -4*i + 0*w = -f*w - 56. List the prime factors of i.
3
Suppose 2*q = s + 10, 2*q - 10 = -3*s + s. Suppose -g = -5*v + 26, -q*g = -v + 2*v. Suppose v*a - 18 = -3. What are the prime factors of a?
3
Suppose c - 5*f = -0*f - 10, -c - 5*f = -30. What are the prime factors of (1 + -6)*(-8)/c?
2
Let w be ((-3)/(-2))/(6/(-272)). Let i be 145/25 - (-12)/(-15). What are the prime factors of 2/5 - w/i?
2, 7
Suppose h + 0*t + 3 = t, -5*h - 5*t + 25 = 0. What are the prime factors of (9 - (-1 - h))*1?
11
Let a be 3/(-6)*(-36)/3. List the prime factors of (4/a)/(16/120).
5
List the prime factors of 910/12 + ((-5)/6 - -1).
2, 19
Let p(m) = -m**3 - 5*m**2 - 3*m - 2. Let g be p(-3). Let y = -20 + 5. Let o = g - y. What are the prime factors of o?
2
Suppose -k + 6*k = 3*h + 119, 2*h + 121 = 5*k. What are the prime factors of k?
5
Let l(m) = 30*m**2 + 2*m - 1. What are the prime factors of l(1)?
31
Let y be 3/2*8/12. Let x = 4 + y. List the prime factors of x.
5
Suppose -3*x - 9 = -171. List the prime factors of x.
2, 3
Suppose 3*d + d = 16. Suppose 2*b - 12 = d*g + 3*b, -16 = 4*b. Let i = 7 - g. What are the prime factors of i?
3
Let w = 236 + -83. List the prime factors of w.
3, 17
Let j = -3 - 1. Let h(x) = -4*x + 6 - 7 - 3. List the prime factors of h(j).
2, 3
Suppose -28 - 52 = -x. Suppose -2*k = -7*k + x. List the prime factors of k.
2
Suppose 4*q = 3*f - 1, -4*q - 8 = -2*f - 5*q. Let c be f - (19 - (-1 - 1)). List the prime factors of (c/30)/(2/(-50)).
3, 5
Let d(g) = 105*g + 3. What are the prime factors of d(2)?
3, 71
Let u(d) = -d**2 - 5*d + 17. List the prime factors of u(-7).
3
Suppose 4*j = -4*b + 3*j - 27, -3*b - 20 = j. Let q = -5 - b. Suppose 1 + 1 = q*p - 2*t, -p + 5*t = 11. What are the prime factors of p?
2
Let c(l) = -l**2 - 3*l + 296. List the prime factors of c(0).
2, 37
Let z be (-12 - 0)*4/(-6). Let s(k) = k**2 - 14*k. Let i be s(14). Suppose -5*b - 2*o + 17 = -23, 3*b - 2*o - z = i. List the prime factors of b.
2, 3
Let w(n) = 5*n + 1. Let q be w(3). Suppose -2*h + 3 = -h. Suppose f - q = -h*f. List the prime factors of f.
2
Let l(d) = d**2 + 7*d + 9. Let c be l(-6). Suppose 0 = c*h + h + 632. List the prime factors of h/(-14) - (-6)/(-21).
11
Suppose 2*i + i = -x + 19, 0 = -3*i + 2*x + 7. List the prime factors of i.
5
List the prime factors of 5/20*(2 + 74).
19
Let k be (10/(-20))/(2/140). Let b = -10 - k. What are the prime factors of b?
5
Let i(m) = -m + 1. Let t be i(-4). Suppose -t*r + 56 = -r. List the prime factors of r.
2, 7
Let h(z) = -2*z + 2. Let x be h(-2). Suppose -135 = -5*k + 5*n, 3*n - x = 5*n. List the prime factors of k.
2, 3
Suppose h = -4 + 15. Let l = -8 + h. What are the prime factors of l?
3
Let n(t) = -4*t + 2*t - 3*t - 3 + 1. List the prime factors of n(-4).
2, 3
Suppose -n + 133 = 5*x, 4*n + 73 + 19 = 4*x. What are the prime factors of x?
2, 13
Suppose -4*j + 66 + 142 = -4*c, 0 = -5*j + 2*c + 248. List the prime factors of j.
2, 3
Suppose -3*c - 31 = 3*z - 334, 3*c + 5*z - 313 = 0. List the prime factors of c.
2, 3
Let z(u) = -u. Let a be z(5). Let s be (1 - (2 + -1))*-1. What are the prime factors of s - 1 - (a - -1)?
3
Let x(p) = 2*p**2 - 6*p + 2. Let n be x(5). Suppose 5*d - 93 - n = 0. What are the prime factors of d?
23
Let m = 9 - 6. Suppose -5*d + k = -k - 69, -5*d - m*k = -84. List the prime factors of d.
3, 5
Let g be (2/(-4))/(4/(-32)). Suppose -2*d + 2*n - 3*n = -21, 0 = d + g*n - 21. Let i = -6 + d. List the prime factors of i.
3
Let i = -4 - -30. Let n = 44 - i. List the prime factors of n.
2, 3
Let v(i) = 3*i**3 - 3*i**2 - i - 1. List the prime factors of v(2).
3
Let k = 33 - 11. Let i = k - -9. List the prime factors of i.
31
Let p(t) = -t**2 - 10*t - 5. Let a be p(-4). Suppose -2*c + 17 = -a. Suppose q + 5*z - 2*z - c = 0, 44 = 4*q + 5*z. What are the prime factors of q?
2, 3
Suppose 0 = 3*d - 2*m - 2, -m - 3 = -d - 2. Let v = 9 - d. Suppose -w = 2*j - v, -4*w + 8*j = 3*j - 36. List the prime factors of w.
3
Let o = -4 - -5. Let s be o/2 - (-28)/(-8). Let u = 7 + s. What are the prime factors of u?
2
Let w = 14 - 3. List the prime factors of w.
11
Let r be (4/(-1) - -2)*-1. Let z be (5/2)/((-1)/r). Let y(v) = -v**2 - 8*v - 6. What are the prime factors of y(z)?
3
Suppose 4*j = 5*j. Suppose j = c + 4*c - 195. List the prime factors of c.
3, 13
Let q = 1 + -9. Let n be (-3 - q/6)*6. List the prime factors of (n/20)/((-1)/34).
17
Let d(q) = 3*q**3 - 2*q**2 + 2*q - 3. Let j be d(2). Suppose 4*f + j = 3*y, -f = 5*y - y - 29. What are the prime factors of y?
7
Suppose -2*u = 3*d - 4*d - 3, 5*u = 4*d + 6. Suppose -w - 2*z + 8 = u*w, -4*w + 10 = 2*z. What are the prime factors of w?
2
Suppose -3*t - 7 = 5. Let w(j) = j + 4. Let g be w(t). List the prime factors of 14 + g + -2 + -1.
11
Let s = -539 - -794. What are the prime factors of s?
3, 5, 17
Suppose 4*q = 15 + 5. Suppose -d - q*y + 5 = 1, 0 = -4*y. List the prime factors of d.
2
Let w(d) = 6*d**2 - 6*d + 21. List the prime factors of w(5).
3, 47
Let g = -11 - -38. List the prime factors of g.
3
Let l be -1 + 1 + 6/(-3). List the prime factors of 1 + l + 4 + 23.
2, 13
Suppose -5 = 3*w + 1. Let u(g) = -5*g**3 + 3*g**2 + g - 1. List the prime factors of u(w).
7
Suppose p + 14 = -j - 3*p, -5*j - 5*p - 10 = 0. Suppose 3*d + d = -n + 8, j*d - 5*n = -18. What are the prime factors of (-1 - d) + 3 + 3?
2
Let r(h) = h**2 + 7*h + 33. List the prime factors of r(-13).
3, 37
Suppose -c + 9 = -12. List the prime factors of c.
3, 7
Suppose